-4 + 0*b - 9 - b + 12. Determine m(1).
-2
Let y(b) be the second derivative of b**3/3 + 3*b**2 - 2*b. Let k be (-14 - 0) + (5 - 3). Let t = -17 - k. What is y(t)?
-4
Let r(u) be the third derivative of -1/12*u**4 + 0*u + 0 + 1/3*u**3 - 5*u**2. What is r(2)?
-2
Let q = 4 - 4. Let f(t) = -2*t + 1 + 3*t + q*t - 13. Calculate f(0).
-12
Suppose 0 = 6*n - n - 3*u + 8, 2*n - 3*u + 5 = 0. Let a = n + 3. Let w(s) = s + 1. Calculate w(a).
3
Suppose 4*p = 10 - 2. Let z(x) be the first derivative of 3*x - x**2 - 2 + 2/3*x**3. Calculate z(p).
7
Let k(d) be the third derivative of -d**4/12 - 7*d**3/6 + d**2. What is k(-6)?
5
Let o(v) = v. Let g(x) = -5*x - 1. Let d(t) = g(t) + 6*o(t). What is d(-5)?
-6
Let q(u) = -2*u + 3*u - 3*u + 0 - 3. Calculate q(-2).
1
Let w(a) = a**2 + 8*a + 1. Let c = -3 + -3. What is w(c)?
-11
Let y(j) = -j**3. Let l(k) = 3*k**3 + 2*k**2 + k. Let n be l(-1). Give y(n).
8
Let x(l) = -l - l**3 - 3 - 6*l - l**2 - 5*l**2. Let k(j) = -j**2 - 5*j + 9. Let a be 3 + 2 + -2 + -10. Let i be k(a). Determine x(i).
7
Let c(v) = 3*v**2 + 4*v**2 - 5*v**2 + 7*v - 4*v. Let q = -7 + 5. Determine c(q).
2
Let r be 3 - -1*(5 + -8). Let o(f) be the second derivative of r + f - 1/6*f**3 - 1/2*f**2. Determine o(-5).
4
Let t(l) = l**3 + l - 1. Let g be t(1). Let u(z) be the second derivative of -z**4 - z**3/6 + z**2/2 + z. Calculate u(g).
-12
Let j(r) = -3*r**3 + r - 4*r**3 + 3*r**3. Let y be (5/10)/(2/4). What is j(y)?
-3
Let x(w) = -w**3 - 3*w**2 + 3*w + 4. Let r(q) = -q**3 - 10*q**2 - 9*q - 3. Let i be r(-9). What is x(i)?
-5
Let p = -3 - -7. Let t(n) be the first derivative of 4*n - 3 + 1/2*n**2. Determine t(p).
8
Let r(g) = 9*g**3 - 9*g**2 + 3*g + 12. Let n(u) = 4*u**3 - 5*u**2 + 2*u + 6. Let a(v) = -7*n(v) + 3*r(v). Give a(7).
8
Let u(x) = 5*x**3 + 3*x**2 + 11*x - 5. Let i(g) = -3*g**3 - g**2 - 6*g + 3. Let t(m) = 7*i(m) + 4*u(m). Calculate t(5).
11
Let s(q) be the second derivative of q**3 - q**2 + 2*q. What is s(2)?
10
Let g(t) = 33*t - 93*t + 34*t + 28*t + t**2 + 4. Calculate g(-4).
12
Let v(u) = 6*u + 3. Let d be ((-48)/20)/((-1)/(-5)). Let s be (3/2)/(d/16). Determine v(s).
-9
Let g(d) = -9*d - 3*d**3 - d**2 + 7 - 4*d**2 - 3*d**2 + 0*d**3. Let k(v) = 2*v**3 + 5*v**2 + 6*v - 5. Let o(t) = 5*g(t) + 7*k(t). Give o(-3).
-9
Let s(k) = 3*k**3 + 4*k**2 + 6*k + 1. Let q(u) = u**3 + u. Let r(l) = 2*q(l) - s(l). Determine r(-3).
2
Let q(p) = -p - 2. Let h(i) = 2*i + 5. Let y(j) = -2*h(j) - 5*q(j). Suppose -4*b + 11 = -u, 2*u + 3*b - 22 = -0*u. What is y(u)?
5
Suppose 4*m + 10 = -3*o - 11, -3*m + o = 19. Let u(w) = -w**2 - 9*w - 5. Determine u(m).
13
Let n(y) = -3*y**3 + y**2 + 3*y + 3. Let i(p) = 4*p**3 - 4*p - 4. Let u(v) = -2*i(v) - 3*n(v). Determine u(3).
-4
Let d(p) = -11*p**3 + 12*p**2 - p + 11. Let s = 15 - 7. Let a(v) = -4*v**3 + 4*v**2 + 4. Let g(l) = s*a(l) - 3*d(l). Determine g(3).
-1
Let q(v) = v + 4 - 4. Let h(c) = c - 3. Let j be h(3). Suppose j = 5*m + o - 2*o - 24, -4*m + 12 = o. Determine q(m).
4
Let j = 5 + -3. Let y(u) = 5*u**j - 3*u + 6*u - 2 + u**3 - 1. What is y(-3)?
6
Let g(b) = b**3 + 5*b**2 - b + 5. Suppose -2*t - 76 = -4*m - 0*t, 28 = m + 4*t. Suppose -5*h + h - m = 0. What is g(h)?
10
Let h be (6/(-24))/((-3)/12). Let t(i) = -3 + 4*i - 3*i + h. Give t(6).
4
Let j(u) be the third derivative of u**7/420 + u**6/180 + u**5/120 + u**4/12 + 3*u**3/2 - 6*u**2. Let k(c) be the first derivative of j(c). Give k(-2).
-8
Let o(p) = -p**2 - 7*p + 1. Suppose -6*m = -m + 70. Let j(n) = -12*n - 15. Let v be j(-2). Let b = m + v. Calculate o(b).
11
Let p = -20 - -21. Let w(y) = 9*y. Give w(p).
9
Let w(x) = 14*x**2 - x. Let d be w(1). Let q(j) = -9*j + 6*j + d*j. Suppose 2*g - 9 = -3*o, o + 4*g = -2*o + 15. What is q(o)?
10
Let v(m) = -5*m**2 + m - 11. Let s(f) = -11*f**2 + f - 23. Let r(n) = -4*s(n) + 9*v(n). Let l be (-3 + 6)/1 - -2. What is r(l)?
-7
Let x(k) = -5*k**2. Suppose 4*s = 5*u + 1, -2*s + 1 = -s - 2*u. Calculate x(s).
-5
Let t(x) = x**2 + 6*x - 13. Let d be t(-7). Let b be ((-14)/(-21))/(2/d). Let o(c) = 2*c + 1. Determine o(b).
-3
Let j(q) be the first derivative of q**3/3 + 3*q**2 - 5*q - 11. Give j(-5).
-10
Let y(z) = 6*z + z + z - 8 - 9*z. Give y(-8).
0
Let s = -142 - -144. Let x(w) = -2*w + 2*w - 4*w + 1. Determine x(s).
-7
Let k(r) = r**3 - 5*r**2 + 5*r - 3. Let w(z) = z**3 + z**2 - 5*z - 2. Let y be w(-3). Let u = y - -9. Calculate k(u).
1
Let w(o) be the third derivative of o**7/2520 + o**6/240 + o**5/60 + 2*o**2. Let i(h) be the third derivative of w(h). Suppose -d + 3*d + 4 = 0. Calculate i(d).
-1
Let f(v) be the third derivative of -v**5/60 - v**4/6 + v**3/3 - 2*v**2. What is f(-5)?
-3
Let r(n) be the first derivative of -n**4/4 - 2*n**3/3 + 2*n**2 + 3*n - 1. Suppose q = -z, -3*z + 6*z + 16 = 5*q. Give r(z).
-5
Let l(f) be the first derivative of -f**6/60 + f**5/30 - f**4/12 + f**3/6 - 2*f**2 + 1. Let o(g) be the second derivative of l(g). Give o(2).
-11
Let n = 2 - 1. Let t(o) = -1 + n - 3*o. Suppose -8 - 16 = 12*m. Calculate t(m).
6
Let w(q) = -q**3 + 6*q**2 + 1. Let r be (10/(-4))/(15/(-36)). Give w(r).
1
Let x = 1 - 4. Let a(j) = j**2 + 1. Calculate a(x).
10
Let v(b) be the third derivative of 1/6*b**3 + 1/24*b**4 - 1/30*b**5 + 0*b + b**2 + 0. What is v(-1)?
-2
Let r(j) = j. Let o(c) = c + 2. Let b be o(-1). Determine r(b).
1
Let w(f) = 2*f**2 - 3*f - 3. Let z be w(3). Let l(b) = -b + 7. Determine l(z).
1
Let i(n) = n**3 + 2*n**2 - n + 1. Let y = -7 - -5. Determine i(y).
3
Let m(s) be the third derivative of -s**5/60 + s**4/24 - 11*s**3/6 - s**2. Let q(k) = -k**2 - 13*k - 42. Let v be q(-7). What is m(v)?
-11
Let q(s) = s - 6. Let h be q(5). Let v(y) be the second derivative of -y**5/5 + y. Determine v(h).
4
Let r(i) = -25 + 14 + 7*i + 14. Give r(-3).
-18
Let q(m) be the second derivative of -m**4/12 - m**3 - 2*m**2 + 11*m. Let x = -20 + 14. What is q(x)?
-4
Let j(o) be the third derivative of o**4/24 + 3*o**2. Let s(y) = 3*y + 2. Let q(r) = -j(r) - s(r). Give q(-2).
6
Let z = -19 + 19. Let c(y) = y**2 + 2*y - 8. Let h(x) = x**2 + x - 9. Let t(m) = 2*c(m) - 3*h(m). Determine t(z).
11
Let a(m) = 4*m**2 - 12*m - 7. Let o(q) = q**2 - q - 1. Let t(w) = -a(w) + 5*o(w). Give t(-6).
-4
Let o(r) = 6*r - 14*r + 0*r + 2*r. What is o(2)?
-12
Let k(a) = -12*a + a**2 + 21*a + 6 - 12*a. What is k(4)?
10
Let x(u) = -u**2 - u - 2. Let z = -36 - -11. Let g = z + 25. Calculate x(g).
-2
Let t(b) = b**3 + 11*b**2 - b - 14. Let r be t(-11). Let v(a) = -a**3 - 3*a**2 + a - 5. Let w be v(-4). Let l(j) = 1 + 0*j - j - w. Calculate l(r).
-3
Let f(c) = -3 - 6*c**3 + 2*c**2 + 5*c**3 - 3*c + 6*c. Determine f(3).
-3
Let f(m) = m - 1. Suppose -5*r - 4*n = -0*r + 5, 5*n - 35 = 2*r. Let y = r - -10. Give f(y).
4
Suppose q + 2*p = 9, -4*q + 3*p + 0*p = -3. Let n(v) = v**3 - 3*v**2 + 3*v. Calculate n(q).
9
Let b = -2 - -4. Let u(n) = 2 + 0*n + 2*n + b*n. What is u(-2)?
-6
Suppose 3*d - 10 + 1 = 0. Let b be (9/2)/(d/(-4)). Let t(h) = h**3 + 7*h**2 + 8*h + 9. Determine t(b).
-3
Let v = 0 - 0. Let a(j) = -1. Let m(c) = -c**2 + 13. Let w(x) = 2*a(x) + m(x). Determine w(v).
11
Suppose 18 = 3*q + q - 3*c, -4*q + 4*c + 20 = 0. Let d be 1*(-5)/(2 - 3). Let w(k) = 0 + k**q - 3 - k + d. Determine w(0).
2
Let l(g) = g - 3. Suppose -4*r = -5*r + 6. Give l(r).
3
Suppose -3*o - 5*f = -23, 7*o - 2*f + 5 = 4*o. Let d(c) be the third derivative of -5*c**4/12 + c**3/6 - c**2. Give d(o).
-9
Let k(o) be the first derivative of -o**5/12 - o**3/6 + o**2 + 2. Let z(i) be the second derivative of k(i). Calculate z(1).
-6
Suppose 4*i - 11 - 13 = 0. Let p be (0 + -6)/((-9)/i). Let z(w) = -w**3 + 2*w**2 + 5*w. Calculate z(p).
-12
Let i(g) be the first derivative of g**4/4 + 4*g**3/3 - g**2 - 3. Suppose 12 = -0*j - 3*j. What is i(j)?
8
Let n(j) = -j - 17. Let p(k) = k + 16. Let i(s) = -6*n(s) - 7*p(s). Determine i(-8).
-2
Let v = 14 + -12. Suppose -3 = -c - v*c. Let k(d) = 11*d + 1. Calculate k(c).
12
Suppose 0 = -y - y + 2. Let z(i) = -19*i. Give z(y).
-19
Let f(b) = -4*b + 1. Let g = 0 + 2. Suppose -g*k = -1 + 3. Give f(k).
5
Let l = -26 + 27. Let n be 1/(2/4*1). Let q(x) = -2 - 4*x**n + 2 - x. Calculate q(l).
-5
Let f(o) = -o**2 + o. Let m(y) = 4*y**2 - 4*y. Let w(v) = -14*f(v) - 3*m(v). What is w(2)?
4
Let y(t) = 7*t**2 - t + 1. Suppose 35*a - 5 = 30*a. What is y(a)?
7
Sup